{"id":1436,"date":"2024-10-03T18:53:52","date_gmt":"2024-10-03T18:53:52","guid":{"rendered":"https:\/\/tovar-prijevoz-selidbe.hr\/?page_id=1436"},"modified":"2024-10-03T20:06:35","modified_gmt":"2024-10-03T20:06:35","slug":"prijevoz-kutija-sa-osobnim-stvarima","status":"publish","type":"page","link":"https:\/\/tovar-prijevoz-selidbe.hr\/index.php\/prijevoz-kutija-sa-osobnim-stvarima\/","title":{"rendered":"Prijevoz Kutija Sa Osobnim Stvarima"},"content":{"rendered":"\t\t<div data-elementor-type=\"wp-page\" data-elementor-id=\"1436\" class=\"elementor elementor-1436\">\n\t\t\t\t\t\t<section class=\"elementor-section elementor-top-section elementor-element elementor-element-3f6d39f00 elementor-section-boxed elementor-section-height-default elementor-section-height-default wpr-particle-no wpr-jarallax-no wpr-parallax-no wpr-sticky-section-no\" data-id=\"3f6d39f00\" data-element_type=\"section\" data-settings=\"{&quot;background_background&quot;:&quot;classic&quot;}\">\n\t\t\t\t\t\t\t<div class=\"elementor-background-overlay\"><\/div>\n\t\t\t\t\t\t\t<div class=\"elementor-container elementor-column-gap-default\">\n\t\t\t\t\t<div class=\"elementor-column elementor-col-100 elementor-top-column elementor-element elementor-element-113f8e03\" data-id=\"113f8e03\" data-element_type=\"column\">\n\t\t\t<div class=\"elementor-widget-wrap elementor-element-populated\">\n\t\t\t\t\t\t<div class=\"elementor-element elementor-element-26ee23a3 elementor-widget elementor-widget-heading\" data-id=\"26ee23a3\" data-element_type=\"widget\" data-widget_type=\"heading.default\">\n\t\t\t\t<div class=\"elementor-widget-container\">\n\t\t\t<h2 class=\"elementor-heading-title elementor-size-default\">Prijevoz Kutija s Osobnim Stvarima u Splitu<\/h2>\t\t<\/div>\n\t\t\t\t<\/div>\n\t\t\t\t\t<\/div>\n\t\t<\/div>\n\t\t\t\t\t<\/div>\n\t\t<\/section>\n\t\t\t\t<section class=\"elementor-section elementor-top-section elementor-element elementor-element-3f791cbe elementor-section-boxed elementor-section-height-default elementor-section-height-default wpr-particle-no wpr-jarallax-no wpr-parallax-no wpr-sticky-section-no\" data-id=\"3f791cbe\" data-element_type=\"section\">\n\t\t\t\t\t\t<div class=\"elementor-container elementor-column-gap-default\">\n\t\t\t\t\t<div class=\"elementor-column elementor-col-50 elementor-top-column elementor-element elementor-element-6809e634\" data-id=\"6809e634\" data-element_type=\"column\">\n\t\t\t<div class=\"elementor-widget-wrap elementor-element-populated\">\n\t\t\t\t\t\t<div class=\"elementor-element elementor-element-4b8af58e elementor-widget elementor-widget-heading\" data-id=\"4b8af58e\" data-element_type=\"widget\" data-widget_type=\"heading.default\">\n\t\t\t\t<div class=\"elementor-widget-container\">\n\t\t\t<h2 class=\"elementor-heading-title elementor-size-default\">Sigurno i Pouzdano Rje\u0161enje<\/h2>\t\t<\/div>\n\t\t\t\t<\/div>\n\t\t\t\t<div class=\"elementor-element elementor-element-5eb012d8 elementor-widget-divider--view-line elementor-widget elementor-widget-divider\" data-id=\"5eb012d8\" data-element_type=\"widget\" data-widget_type=\"divider.default\">\n\t\t\t\t<div class=\"elementor-widget-container\">\n\t\t\t\t\t<div class=\"elementor-divider\">\n\t\t\t<span class=\"elementor-divider-separator\">\n\t\t\t\t\t\t<\/span>\n\t\t<\/div>\n\t\t\t\t<\/div>\n\t\t\t\t<\/div>\n\t\t\t\t<div class=\"elementor-element elementor-element-3be84f45 elementor-widget elementor-widget-text-editor\" data-id=\"3be84f45\" data-element_type=\"widget\" data-widget_type=\"text-editor.default\">\n\t\t\t\t<div class=\"elementor-widget-container\">\n\t\t\t\t\t\t\t<p>Kada se selite ili trebate transportirati kutije s osobnim stvarima, posu\u0111em ili drugim predmetima, va\u017eno je odabrati pouzdanu uslugu. Na\u0161a usluga prijevoza kutija s osobnim stvarima u Splitu pru\u017ea vam sigurnost i efikasnost. Bilo da se radi o malim ili velikim koli\u010dinama, na\u0161 tim stru\u010dnjaka brine se o va\u0161im stvarima tijekom cijelog procesa transporta.<\/p><p>\u00a0<\/p>\t\t\t\t\t\t<\/div>\n\t\t\t\t<\/div>\n\t\t\t\t<div class=\"elementor-element elementor-element-41876c9 wpr-button-icon-style-inline wpr-button-icon-position-right elementor-widget elementor-widget-wpr-button\" data-id=\"41876c9\" data-element_type=\"widget\" data-widget_type=\"wpr-button.default\">\n\t\t\t\t<div class=\"elementor-widget-container\">\n\t\t\t\t\n\t\t\t\n\t\t\n\t\t<div class=\"wpr-button-wrap elementor-clearfix\">\n\t\t<a class=\"wpr-button wpr-button-effect wpr-button-none\" data-text=\"Go\" href=\"tel:%20095%20388%205892\">\n\t\t\t\n\t\t\t<span class=\"wpr-button-content\">\n\t\t\t\t\t\t\t\t\t<span class=\"wpr-button-text\">095 388 5892<\/span>\n\t\t\t\t\t\t\t\t\n\t\t\t\t\t\t\t<\/span>\n\t\t<\/a>\n\n\t\t\t\t<\/div>\n\t\n\t\n\t\t\t<\/div>\n\t\t\t\t<\/div>\n\t\t\t\t\t<\/div>\n\t\t<\/div>\n\t\t\t\t<div class=\"elementor-column elementor-col-50 elementor-top-column elementor-element elementor-element-d3db966\" data-id=\"d3db966\" data-element_type=\"column\">\n\t\t\t<div class=\"elementor-widget-wrap elementor-element-populated\">\n\t\t\t\t\t\t<div class=\"elementor-element elementor-element-5f9a9bd6 elementor-widget elementor-widget-image\" data-id=\"5f9a9bd6\" data-element_type=\"widget\" data-widget_type=\"image.default\">\n\t\t\t\t<div class=\"elementor-widget-container\">\n\t\t\t\t\t\t\t\t\t\t\t\t\t<img fetchpriority=\"high\" decoding=\"async\" width=\"500\" height=\"500\" src=\"https:\/\/tovar-prijevoz-selidbe.hr\/wp-content\/uploads\/2024\/04\/Kombi_Prijevoz-removebg-preview.png\" class=\"attachment-large size-large wp-image-1295\" alt=\"\" srcset=\"https:\/\/tovar-prijevoz-selidbe.hr\/wp-content\/uploads\/2024\/04\/Kombi_Prijevoz-removebg-preview.png 500w, https:\/\/tovar-prijevoz-selidbe.hr\/wp-content\/uploads\/2024\/04\/Kombi_Prijevoz-removebg-preview-300x300.png 300w, https:\/\/tovar-prijevoz-selidbe.hr\/wp-content\/uploads\/2024\/04\/Kombi_Prijevoz-removebg-preview-150x150.png 150w\" sizes=\"(max-width: 500px) 100vw, 500px\" \/>\t\t\t\t\t\t\t\t\t\t\t\t\t<\/div>\n\t\t\t\t<\/div>\n\t\t\t\t\t<\/div>\n\t\t<\/div>\n\t\t\t\t\t<\/div>\n\t\t<\/section>\n\t\t\t\t<section class=\"elementor-section elementor-top-section elementor-element elementor-element-299d4264 elementor-section-boxed elementor-section-height-default elementor-section-height-default wpr-particle-no wpr-jarallax-no wpr-parallax-no wpr-sticky-section-no\" data-id=\"299d4264\" data-element_type=\"section\">\n\t\t\t\t\t\t<div class=\"elementor-container elementor-column-gap-wide\">\n\t\t\t\t\t<div class=\"elementor-column elementor-col-50 elementor-top-column elementor-element elementor-element-64a16d10\" data-id=\"64a16d10\" data-element_type=\"column\">\n\t\t\t<div class=\"elementor-widget-wrap elementor-element-populated\">\n\t\t\t\t\t\t<div class=\"elementor-element elementor-element-561f161 elementor-widget elementor-widget-image\" data-id=\"561f161\" data-element_type=\"widget\" data-widget_type=\"image.default\">\n\t\t\t\t<div class=\"elementor-widget-container\">\n\t\t\t\t\t\t\t\t\t\t\t\t\t<img decoding=\"async\" width=\"960\" height=\"948\" src=\"https:\/\/tovar-prijevoz-selidbe.hr\/wp-content\/uploads\/2024\/09\/366f863b-4717-4748-8b1f-8b201a2257d6-1024x1011.jpeg\" class=\"attachment-large size-large wp-image-1239\" alt=\"\" srcset=\"https:\/\/tovar-prijevoz-selidbe.hr\/wp-content\/uploads\/2024\/09\/366f863b-4717-4748-8b1f-8b201a2257d6-1024x1011.jpeg 1024w, https:\/\/tovar-prijevoz-selidbe.hr\/wp-content\/uploads\/2024\/09\/366f863b-4717-4748-8b1f-8b201a2257d6-300x296.jpeg 300w, https:\/\/tovar-prijevoz-selidbe.hr\/wp-content\/uploads\/2024\/09\/366f863b-4717-4748-8b1f-8b201a2257d6-768x758.jpeg 768w, https:\/\/tovar-prijevoz-selidbe.hr\/wp-content\/uploads\/2024\/09\/366f863b-4717-4748-8b1f-8b201a2257d6.jpeg 1080w\" sizes=\"(max-width: 960px) 100vw, 960px\" \/>\t\t\t\t\t\t\t\t\t\t\t\t\t<\/div>\n\t\t\t\t<\/div>\n\t\t\t\t\t<\/div>\n\t\t<\/div>\n\t\t\t\t<div class=\"elementor-column elementor-col-50 elementor-top-column elementor-element elementor-element-346b7701\" data-id=\"346b7701\" data-element_type=\"column\">\n\t\t\t<div class=\"elementor-widget-wrap elementor-element-populated\">\n\t\t\t\t\t\t<div class=\"elementor-element elementor-element-2d6f09f elementor-widget elementor-widget-heading\" data-id=\"2d6f09f\" data-element_type=\"widget\" data-widget_type=\"heading.default\">\n\t\t\t\t<div class=\"elementor-widget-container\">\n\t\t\t<h2 class=\"elementor-heading-title elementor-size-default\">Sigurno i Pouzdano Rje\u0161enje<\/h2>\t\t<\/div>\n\t\t\t\t<\/div>\n\t\t\t\t<div class=\"elementor-element elementor-element-3bd802c4 elementor-widget-divider--view-line elementor-widget elementor-widget-divider\" data-id=\"3bd802c4\" data-element_type=\"widget\" data-widget_type=\"divider.default\">\n\t\t\t\t<div class=\"elementor-widget-container\">\n\t\t\t\t\t<div class=\"elementor-divider\">\n\t\t\t<span class=\"elementor-divider-separator\">\n\t\t\t\t\t\t<\/span>\n\t\t<\/div>\n\t\t\t\t<\/div>\n\t\t\t\t<\/div>\n\t\t\t\t<div class=\"elementor-element elementor-element-2b1a40b0 elementor-widget elementor-widget-text-editor\" data-id=\"2b1a40b0\" data-element_type=\"widget\" data-widget_type=\"text-editor.default\">\n\t\t\t\t<div class=\"elementor-widget-container\">\n\t\t\t\t\t\t\t<h4><strong><em>Sigurnost Va\u0161ih Predmeta<\/em><\/strong><\/h4><p>Osiguravamo da va\u0161e kutije budu pa\u017eljivo pakirane i transportirane. Koristimo kvalitetne za\u0161titne materijale koji minimiziraju rizik od o\u0161te\u0107enja tijekom transporta.<\/p><h4><strong><em>Brza i Efikasna Usluga<\/em><\/strong><\/h4><p>Na\u0161 tim je obu\u010den za brze i efikasne selidbe. Prijevoz kutija organiziramo tako da sve stigne na odredi\u0161te u dogovorenom vremenu, bez nepotrebnog odga\u0111anja.<\/p><h4><em><strong>Prilagodljive Opcije Prijevoza<\/strong><\/em><\/h4><p>Nudimo razli\u010dite opcije prijevoza, prilago\u0111ene va\u0161im potrebama. Bilo da trebate transportirati nekoliko kutija ili cijele kolekcije, mi \u0107emo se pobrinuti za sve.<\/p>\t\t\t\t\t\t<\/div>\n\t\t\t\t<\/div>\n\t\t\t\t\t<\/div>\n\t\t<\/div>\n\t\t\t\t\t<\/div>\n\t\t<\/section>\n\t\t\t\t<section class=\"elementor-section elementor-top-section elementor-element elementor-element-775a9d2e elementor-section-height-min-height elementor-section-boxed elementor-section-height-default elementor-section-items-middle wpr-particle-no wpr-jarallax-no wpr-parallax-no wpr-sticky-section-no\" data-id=\"775a9d2e\" data-element_type=\"section\" data-settings=\"{&quot;background_background&quot;:&quot;classic&quot;}\">\n\t\t\t\t\t\t\t<div class=\"elementor-background-overlay\"><\/div>\n\t\t\t\t\t\t\t<div class=\"elementor-container elementor-column-gap-default\">\n\t\t\t\t\t<div class=\"elementor-column elementor-col-100 elementor-top-column elementor-element elementor-element-5ce4359e\" data-id=\"5ce4359e\" data-element_type=\"column\">\n\t\t\t<div class=\"elementor-widget-wrap elementor-element-populated\">\n\t\t\t\t\t\t<div class=\"elementor-element elementor-element-1b78180d elementor-widget elementor-widget-heading\" data-id=\"1b78180d\" data-element_type=\"widget\" data-widget_type=\"heading.default\">\n\t\t\t\t<div class=\"elementor-widget-container\">\n\t\t\t<h2 class=\"elementor-heading-title elementor-size-default\">Na\u0161a usluga prijevoza kutija s osobnim stvarima u Splitu osigurava vam brzinu, sigurnost i pouzdanost.<\/h2>\t\t<\/div>\n\t\t\t\t<\/div>\n\t\t\t\t<div class=\"elementor-element elementor-element-72513d11 elementor-widget-divider--view-line elementor-widget elementor-widget-divider\" data-id=\"72513d11\" data-element_type=\"widget\" data-widget_type=\"divider.default\">\n\t\t\t\t<div class=\"elementor-widget-container\">\n\t\t\t\t\t<div class=\"elementor-divider\">\n\t\t\t<span class=\"elementor-divider-separator\">\n\t\t\t\t\t\t<\/span>\n\t\t<\/div>\n\t\t\t\t<\/div>\n\t\t\t\t<\/div>\n\t\t\t\t\t<\/div>\n\t\t<\/div>\n\t\t\t\t\t<\/div>\n\t\t<\/section>\n\t\t\t\t<\/div>\n\t\t","protected":false},"excerpt":{"rendered":"<p>Prijevoz Kutija s Osobnim Stvarima u Splitu Sigurno i Pouzdano Rje\u0161enje Kada se selite ili trebate transportirati kutije s osobnim stvarima, posu\u0111em ili drugim predmetima, va\u017eno je odabrati pouzdanu uslugu. Na\u0161a usluga prijevoza kutija s osobnim stvarima u Splitu pru\u017ea vam sigurnost i efikasnost. Bilo da se radi o malim ili velikim koli\u010dinama, na\u0161 tim stru\u010dnjaka brine se o va\u0161im stvarima tijekom cijelog procesa transporta. \u00a0 095 388 5892 Sigurno i Pouzdano Rje\u0161enje Sigurnost Va\u0161ih Predmeta Osiguravamo da va\u0161e kutije budu pa\u017eljivo pakirane i transportirane. Koristimo kvalitetne za\u0161titne materijale koji minimiziraju rizik od o\u0161te\u0107enja tijekom transporta. Brza i Efikasna Usluga Na\u0161 tim je obu\u010den za brze i efikasne selidbe. Prijevoz kutija organiziramo tako da sve stigne na odredi\u0161te u dogovorenom vremenu, bez nepotrebnog odga\u0111anja. Prilagodljive Opcije Prijevoza Nudimo razli\u010dite opcije prijevoza, prilago\u0111ene va\u0161im potrebama. Bilo da trebate transportirati nekoliko kutija ili cijele kolekcije, mi \u0107emo se pobrinuti za sve. Na\u0161a usluga prijevoza kutija s osobnim stvarima u Splitu osigurava vam brzinu, sigurnost i pouzdanost.<\/p>\n","protected":false},"author":1,"featured_media":0,"parent":0,"menu_order":0,"comment_status":"closed","ping_status":"closed","template":"","meta":{"om_disable_all_campaigns":false,"_monsterinsights_skip_tracking":false,"_monsterinsights_sitenote_active":false,"_monsterinsights_sitenote_note":"","_monsterinsights_sitenote_category":0,"footnotes":""},"class_list":["post-1436","page","type-page","status-publish","hentry"],"aioseo_notices":[],"_links":{"self":[{"href":"https:\/\/tovar-prijevoz-selidbe.hr\/index.php\/wp-json\/wp\/v2\/pages\/1436","targetHints":{"allow":["GET"]}}],"collection":[{"href":"https:\/\/tovar-prijevoz-selidbe.hr\/index.php\/wp-json\/wp\/v2\/pages"}],"about":[{"href":"https:\/\/tovar-prijevoz-selidbe.hr\/index.php\/wp-json\/wp\/v2\/types\/page"}],"author":[{"embeddable":true,"href":"https:\/\/tovar-prijevoz-selidbe.hr\/index.php\/wp-json\/wp\/v2\/users\/1"}],"replies":[{"embeddable":true,"href":"https:\/\/tovar-prijevoz-selidbe.hr\/index.php\/wp-json\/wp\/v2\/comments?post=1436"}],"version-history":[{"count":7,"href":"https:\/\/tovar-prijevoz-selidbe.hr\/index.php\/wp-json\/wp\/v2\/pages\/1436\/revisions"}],"predecessor-version":[{"id":1477,"href":"https:\/\/tovar-prijevoz-selidbe.hr\/index.php\/wp-json\/wp\/v2\/pages\/1436\/revisions\/1477"}],"wp:attachment":[{"href":"https:\/\/tovar-prijevoz-selidbe.hr\/index.php\/wp-json\/wp\/v2\/media?parent=1436"}],"curies":[{"name":"wp","href":"https:\/\/api.w.org\/{rel}","templated":true}]}}