{"id":1432,"date":"2024-10-03T18:51:37","date_gmt":"2024-10-03T18:51:37","guid":{"rendered":"https:\/\/tovar-prijevoz-selidbe.hr\/?page_id=1432"},"modified":"2024-10-03T19:43:20","modified_gmt":"2024-10-03T19:43:20","slug":"selidba-kompliciranog-namjestaj","status":"publish","type":"page","link":"https:\/\/tovar-prijevoz-selidbe.hr\/index.php\/selidba-kompliciranog-namjestaj\/","title":{"rendered":"Selidba Kompliciranog Namje\u0161taj"},"content":{"rendered":"\t\t<div data-elementor-type=\"wp-page\" data-elementor-id=\"1432\" class=\"elementor elementor-1432\">\n\t\t\t\t\t\t<section class=\"elementor-section elementor-top-section elementor-element elementor-element-43b7f1390 elementor-section-boxed elementor-section-height-default elementor-section-height-default wpr-particle-no wpr-jarallax-no wpr-parallax-no wpr-sticky-section-no\" data-id=\"43b7f1390\" data-element_type=\"section\" data-settings=\"{&quot;background_background&quot;:&quot;classic&quot;}\">\n\t\t\t\t\t\t\t<div class=\"elementor-background-overlay\"><\/div>\n\t\t\t\t\t\t\t<div class=\"elementor-container elementor-column-gap-default\">\n\t\t\t\t\t<div class=\"elementor-column elementor-col-100 elementor-top-column elementor-element elementor-element-2e55b677\" data-id=\"2e55b677\" data-element_type=\"column\">\n\t\t\t<div class=\"elementor-widget-wrap elementor-element-populated\">\n\t\t\t\t\t\t<div class=\"elementor-element elementor-element-6aec4f73 elementor-widget elementor-widget-heading\" data-id=\"6aec4f73\" data-element_type=\"widget\" data-widget_type=\"heading.default\">\n\t\t\t\t<div class=\"elementor-widget-container\">\n\t\t\t<h2 class=\"elementor-heading-title elementor-size-default\">Selidba Kompliciranog Namje\u0161taja Split<\/h2>\t\t<\/div>\n\t\t\t\t<\/div>\n\t\t\t\t\t<\/div>\n\t\t<\/div>\n\t\t\t\t\t<\/div>\n\t\t<\/section>\n\t\t\t\t<section class=\"elementor-section elementor-top-section elementor-element elementor-element-553bd3e3 elementor-section-boxed elementor-section-height-default elementor-section-height-default wpr-particle-no wpr-jarallax-no wpr-parallax-no wpr-sticky-section-no\" data-id=\"553bd3e3\" data-element_type=\"section\">\n\t\t\t\t\t\t<div class=\"elementor-container elementor-column-gap-default\">\n\t\t\t\t\t<div class=\"elementor-column elementor-col-50 elementor-top-column elementor-element elementor-element-4ec0bbbc\" data-id=\"4ec0bbbc\" data-element_type=\"column\">\n\t\t\t<div class=\"elementor-widget-wrap elementor-element-populated\">\n\t\t\t\t\t\t<div class=\"elementor-element elementor-element-16a55820 elementor-widget elementor-widget-heading\" data-id=\"16a55820\" data-element_type=\"widget\" data-widget_type=\"heading.default\">\n\t\t\t\t<div class=\"elementor-widget-container\">\n\t\t\t<h2 class=\"elementor-heading-title elementor-size-default\">Stru\u010dnost i Pa\u017enja za Va\u0161 Namje\u0161taj<\/h2>\t\t<\/div>\n\t\t\t\t<\/div>\n\t\t\t\t<div class=\"elementor-element elementor-element-1b93e601 elementor-widget-divider--view-line elementor-widget elementor-widget-divider\" data-id=\"1b93e601\" data-element_type=\"widget\" data-widget_type=\"divider.default\">\n\t\t\t\t<div class=\"elementor-widget-container\">\n\t\t\t\t\t<div class=\"elementor-divider\">\n\t\t\t<span class=\"elementor-divider-separator\">\n\t\t\t\t\t\t<\/span>\n\t\t<\/div>\n\t\t\t\t<\/div>\n\t\t\t\t<\/div>\n\t\t\t\t<div class=\"elementor-element elementor-element-d225aed elementor-widget elementor-widget-text-editor\" data-id=\"d225aed\" data-element_type=\"widget\" data-widget_type=\"text-editor.default\">\n\t\t\t\t<div class=\"elementor-widget-container\">\n\t\t\t\t\t\t\t<p>Selidba kompliciranog namje\u0161taja, poput kuhinjskih elemenata, velikih ormara ili specijaliziranih komada, mo\u017ee biti izazovna. Na\u0161a usluga selidbe kompliciranog namje\u0161taja osigurava da svaki aspekt va\u0161eg namje\u0161taja bude pa\u017eljivo rukovan i transportiran. Uz na\u0161 tim stru\u010dnjaka, mo\u017eete biti sigurni da \u0107e va\u0161i dragocjeni komadi sti\u0107i na novu lokaciju u savr\u0161enom stanju.<\/p><p>\u00a0<\/p>\t\t\t\t\t\t<\/div>\n\t\t\t\t<\/div>\n\t\t\t\t<div class=\"elementor-element elementor-element-d58603e wpr-button-icon-style-inline wpr-button-icon-position-right elementor-widget elementor-widget-wpr-button\" data-id=\"d58603e\" data-element_type=\"widget\" data-widget_type=\"wpr-button.default\">\n\t\t\t\t<div class=\"elementor-widget-container\">\n\t\t\t\t\n\t\t\t\n\t\t\n\t\t<div class=\"wpr-button-wrap elementor-clearfix\">\n\t\t<a class=\"wpr-button wpr-button-effect wpr-button-none\" data-text=\"Go\" href=\"tel:%20095%20388%205892\">\n\t\t\t\n\t\t\t<span class=\"wpr-button-content\">\n\t\t\t\t\t\t\t\t\t<span class=\"wpr-button-text\">095 388 5892<\/span>\n\t\t\t\t\t\t\t\t\n\t\t\t\t\t\t\t<\/span>\n\t\t<\/a>\n\n\t\t\t\t<\/div>\n\t\n\t\n\t\t\t<\/div>\n\t\t\t\t<\/div>\n\t\t\t\t\t<\/div>\n\t\t<\/div>\n\t\t\t\t<div class=\"elementor-column elementor-col-50 elementor-top-column elementor-element elementor-element-6c50ecbf\" data-id=\"6c50ecbf\" data-element_type=\"column\">\n\t\t\t<div class=\"elementor-widget-wrap elementor-element-populated\">\n\t\t\t\t\t\t<div class=\"elementor-element elementor-element-3692e328 elementor-widget elementor-widget-image\" data-id=\"3692e328\" data-element_type=\"widget\" data-widget_type=\"image.default\">\n\t\t\t\t<div class=\"elementor-widget-container\">\n\t\t\t\t\t\t\t\t\t\t\t\t\t<img fetchpriority=\"high\" decoding=\"async\" width=\"500\" height=\"500\" src=\"https:\/\/tovar-prijevoz-selidbe.hr\/wp-content\/uploads\/2024\/04\/Kombi_Prijevoz-removebg-preview.png\" class=\"attachment-large size-large wp-image-1295\" alt=\"\" srcset=\"https:\/\/tovar-prijevoz-selidbe.hr\/wp-content\/uploads\/2024\/04\/Kombi_Prijevoz-removebg-preview.png 500w, https:\/\/tovar-prijevoz-selidbe.hr\/wp-content\/uploads\/2024\/04\/Kombi_Prijevoz-removebg-preview-300x300.png 300w, https:\/\/tovar-prijevoz-selidbe.hr\/wp-content\/uploads\/2024\/04\/Kombi_Prijevoz-removebg-preview-150x150.png 150w\" sizes=\"(max-width: 500px) 100vw, 500px\" \/>\t\t\t\t\t\t\t\t\t\t\t\t\t<\/div>\n\t\t\t\t<\/div>\n\t\t\t\t\t<\/div>\n\t\t<\/div>\n\t\t\t\t\t<\/div>\n\t\t<\/section>\n\t\t\t\t<section class=\"elementor-section elementor-top-section elementor-element elementor-element-296021ef elementor-section-boxed elementor-section-height-default elementor-section-height-default wpr-particle-no wpr-jarallax-no wpr-parallax-no wpr-sticky-section-no\" data-id=\"296021ef\" data-element_type=\"section\">\n\t\t\t\t\t\t<div class=\"elementor-container elementor-column-gap-wide\">\n\t\t\t\t\t<div class=\"elementor-column elementor-col-50 elementor-top-column elementor-element elementor-element-285368c8\" data-id=\"285368c8\" data-element_type=\"column\">\n\t\t\t<div class=\"elementor-widget-wrap elementor-element-populated\">\n\t\t\t\t\t\t<div class=\"elementor-element elementor-element-5adb954 elementor-widget elementor-widget-image\" data-id=\"5adb954\" data-element_type=\"widget\" data-widget_type=\"image.default\">\n\t\t\t\t<div class=\"elementor-widget-container\">\n\t\t\t\t\t\t\t\t\t\t\t\t\t<img decoding=\"async\" width=\"350\" height=\"263\" src=\"https:\/\/tovar-prijevoz-selidbe.hr\/wp-content\/uploads\/2024\/10\/kombi-prevoz.webp\" class=\"attachment-large size-large wp-image-1460\" alt=\"\" srcset=\"https:\/\/tovar-prijevoz-selidbe.hr\/wp-content\/uploads\/2024\/10\/kombi-prevoz.webp 350w, https:\/\/tovar-prijevoz-selidbe.hr\/wp-content\/uploads\/2024\/10\/kombi-prevoz-300x225.webp 300w\" sizes=\"(max-width: 350px) 100vw, 350px\" \/>\t\t\t\t\t\t\t\t\t\t\t\t\t<\/div>\n\t\t\t\t<\/div>\n\t\t\t\t\t<\/div>\n\t\t<\/div>\n\t\t\t\t<div class=\"elementor-column elementor-col-50 elementor-top-column elementor-element elementor-element-357f1b14\" data-id=\"357f1b14\" data-element_type=\"column\">\n\t\t\t<div class=\"elementor-widget-wrap elementor-element-populated\">\n\t\t\t\t\t\t<div class=\"elementor-element elementor-element-d032f4c elementor-widget elementor-widget-heading\" data-id=\"d032f4c\" data-element_type=\"widget\" data-widget_type=\"heading.default\">\n\t\t\t\t<div class=\"elementor-widget-container\">\n\t\t\t<h2 class=\"elementor-heading-title elementor-size-default\">Za\u0161to Odabrati Na\u0161u Uslugu?\n<\/h2>\t\t<\/div>\n\t\t\t\t<\/div>\n\t\t\t\t<div class=\"elementor-element elementor-element-20c5afe1 elementor-widget-divider--view-line elementor-widget elementor-widget-divider\" data-id=\"20c5afe1\" data-element_type=\"widget\" data-widget_type=\"divider.default\">\n\t\t\t\t<div class=\"elementor-widget-container\">\n\t\t\t\t\t<div class=\"elementor-divider\">\n\t\t\t<span class=\"elementor-divider-separator\">\n\t\t\t\t\t\t<\/span>\n\t\t<\/div>\n\t\t\t\t<\/div>\n\t\t\t\t<\/div>\n\t\t\t\t<div class=\"elementor-element elementor-element-7fe091b7 elementor-widget elementor-widget-text-editor\" data-id=\"7fe091b7\" data-element_type=\"widget\" data-widget_type=\"text-editor.default\">\n\t\t\t\t<div class=\"elementor-widget-container\">\n\t\t\t\t\t\t\t<h4><strong><em>Iskustvo u Rukovanju Slo\u017eenim Komadima<\/em><\/strong><\/h4><p>Na\u0161 tim ima dugogodi\u0161nje iskustvo u demonta\u017ei i transportu kompliciranog namje\u0161taja. Zbog svoje slo\u017eenosti, ovi komadi zahtijevaju posebnu pa\u017enju, a mi znamo kako ih pravilno obraditi.<\/p><h4><em><strong>Prilagodljive Usluge<\/strong><\/em><\/h4><p>Nudimo prilagodljive usluge prema va\u0161im potrebama. Bilo da se radi o kuhinjskim elementima, ormarima ili drugim slo\u017eenim komadima, osigurat \u0107emo da sve bude pa\u017eljivo demontirano, pakirano i transportirano.<\/p><h4><strong><em>Sigurnost i Za\u0161tita<\/em><\/strong><\/h4><p>Va\u0161a sigurnost je na\u0161 prioritet. Koristimo visokokvalitetne za\u0161titne materijale za pakiranje, a svi na\u0161i voza\u010di obu\u010deni su za rukovanje osjetljivim teretom kako bi se smanjio rizik od o\u0161te\u0107enja.<\/p>\t\t\t\t\t\t<\/div>\n\t\t\t\t<\/div>\n\t\t\t\t\t<\/div>\n\t\t<\/div>\n\t\t\t\t\t<\/div>\n\t\t<\/section>\n\t\t<div class=\"elementor-element elementor-element-65a8b2c e-flex e-con-boxed wpr-particle-no wpr-jarallax-no wpr-parallax-no wpr-sticky-section-no e-con e-parent\" data-id=\"65a8b2c\" data-element_type=\"container\">\n\t\t\t\t\t<div class=\"e-con-inner\">\n\t\t<div class=\"elementor-element elementor-element-e1d4666 e-con-full e-flex wpr-particle-no wpr-jarallax-no wpr-parallax-no wpr-sticky-section-no e-con e-child\" data-id=\"e1d4666\" data-element_type=\"container\">\n\t\t\t\t<div class=\"elementor-element elementor-element-9378a2f elementor-widget elementor-widget-heading\" data-id=\"9378a2f\" data-element_type=\"widget\" data-widget_type=\"heading.default\">\n\t\t\t\t<div class=\"elementor-widget-container\">\n\t\t\t<h2 class=\"elementor-heading-title elementor-size-default\">Kako Funkcionira Na\u0161a Usluga?\n<\/h2>\t\t<\/div>\n\t\t\t\t<\/div>\n\t\t\t\t<\/div>\n\t\t<div class=\"elementor-element elementor-element-6f66105 e-con-full e-flex wpr-particle-no wpr-jarallax-no wpr-parallax-no wpr-sticky-section-no e-con e-child\" data-id=\"6f66105\" data-element_type=\"container\">\n\t\t\t\t<div class=\"elementor-element elementor-element-92e088e elementor-widget elementor-widget-text-editor\" data-id=\"92e088e\" data-element_type=\"widget\" data-widget_type=\"text-editor.default\">\n\t\t\t\t<div class=\"elementor-widget-container\">\n\t\t\t\t\t\t\t<h4><strong><em>Besplatna Procjena<\/em><\/strong><\/h4><p>Prvi korak je besplatna procjena. Na\u0161i stru\u010dnjaci do\u0107i \u0107e na va\u0161u lokaciju kako bi procijenili vrstu namje\u0161taja i pripremili plan selidbe.<\/p><h4><strong><em>Planiranje i Organizacija<\/em><\/strong><\/h4><p>Nakon procjene, organizirat \u0107emo datum i vrijeme selidbe prema va\u0161im potrebama. Sve potrebne alate i materijale osiguravamo mi.<\/p><h4><strong><em>Demonta\u017ea i Transport<\/em><\/strong><\/h4><p>Na dan selidbe, na\u0161 tim pa\u017eljivo \u0107e demontirati va\u0161 namje\u0161taj, pakirati ga i transportirati na novu lokaciju, osiguravaju\u0107i da sve bude za\u0161ti\u0107eno tijekom putovanja.<\/p><h4><strong><em>Ponovna Monta\u017ea<\/em><\/strong><\/h4><p>Na odredi\u0161tu, na\u0161 tim \u0107e ponovno sastaviti va\u0161 namje\u0161taj, osiguravaju\u0107i da sve bude ispravno postavljeno prema va\u0161im \u017eeljama.<\/p>\t\t\t\t\t\t<\/div>\n\t\t\t\t<\/div>\n\t\t\t\t<\/div>\n\t\t\t\t\t<\/div>\n\t\t\t\t<\/div>\n\t\t\t\t<section class=\"elementor-section elementor-top-section elementor-element elementor-element-42b072e1 elementor-section-height-min-height elementor-section-boxed elementor-section-height-default elementor-section-items-middle wpr-particle-no wpr-jarallax-no wpr-parallax-no wpr-sticky-section-no\" data-id=\"42b072e1\" data-element_type=\"section\" data-settings=\"{&quot;background_background&quot;:&quot;classic&quot;}\">\n\t\t\t\t\t\t\t<div class=\"elementor-background-overlay\"><\/div>\n\t\t\t\t\t\t\t<div class=\"elementor-container elementor-column-gap-default\">\n\t\t\t\t\t<div class=\"elementor-column elementor-col-100 elementor-top-column elementor-element elementor-element-7aaf84f0\" data-id=\"7aaf84f0\" data-element_type=\"column\">\n\t\t\t<div class=\"elementor-widget-wrap elementor-element-populated\">\n\t\t\t\t\t\t<div class=\"elementor-element elementor-element-11c6adad elementor-widget elementor-widget-heading\" data-id=\"11c6adad\" data-element_type=\"widget\" data-widget_type=\"heading.default\">\n\t\t\t\t<div class=\"elementor-widget-container\">\n\t\t\t<h2 class=\"elementor-heading-title elementor-size-default\">elidba kompliciranog namje\u0161taja s na\u0161om uslugom pru\u017ea vam mir i sigurnost.<\/h2>\t\t<\/div>\n\t\t\t\t<\/div>\n\t\t\t\t<div class=\"elementor-element elementor-element-23139821 elementor-widget-divider--view-line elementor-widget elementor-widget-divider\" data-id=\"23139821\" data-element_type=\"widget\" data-widget_type=\"divider.default\">\n\t\t\t\t<div class=\"elementor-widget-container\">\n\t\t\t\t\t<div class=\"elementor-divider\">\n\t\t\t<span class=\"elementor-divider-separator\">\n\t\t\t\t\t\t<\/span>\n\t\t<\/div>\n\t\t\t\t<\/div>\n\t\t\t\t<\/div>\n\t\t\t\t<div class=\"elementor-element elementor-element-80922d0 wpr-button-icon-style-inline wpr-button-icon-position-right elementor-widget elementor-widget-wpr-button\" data-id=\"80922d0\" data-element_type=\"widget\" data-widget_type=\"wpr-button.default\">\n\t\t\t\t<div class=\"elementor-widget-container\">\n\t\t\t\t\n\t\t\t\n\t\t\n\t\t<div class=\"wpr-button-wrap elementor-clearfix\">\n\t\t<a class=\"wpr-button wpr-button-effect wpr-button-none\" data-text=\"Go\" href=\"tel:%20095%20388%205892\">\n\t\t\t\n\t\t\t<span class=\"wpr-button-content\">\n\t\t\t\t\t\t\t\t\t<span class=\"wpr-button-text\">095 388 5892<\/span>\n\t\t\t\t\t\t\t\t\n\t\t\t\t\t\t\t<\/span>\n\t\t<\/a>\n\n\t\t\t\t<\/div>\n\t\n\t\n\t\t\t<\/div>\n\t\t\t\t<\/div>\n\t\t\t\t\t<\/div>\n\t\t<\/div>\n\t\t\t\t\t<\/div>\n\t\t<\/section>\n\t\t\t\t<\/div>\n\t\t","protected":false},"excerpt":{"rendered":"<p>Selidba Kompliciranog Namje\u0161taja Split Stru\u010dnost i Pa\u017enja za Va\u0161 Namje\u0161taj Selidba kompliciranog namje\u0161taja, poput kuhinjskih elemenata, velikih ormara ili specijaliziranih komada, mo\u017ee biti izazovna. Na\u0161a usluga selidbe kompliciranog namje\u0161taja osigurava da svaki aspekt va\u0161eg namje\u0161taja bude pa\u017eljivo rukovan i transportiran. Uz na\u0161 tim stru\u010dnjaka, mo\u017eete biti sigurni da \u0107e va\u0161i dragocjeni komadi sti\u0107i na novu lokaciju u savr\u0161enom stanju. \u00a0 095 388 5892 Za\u0161to Odabrati Na\u0161u Uslugu? Iskustvo u Rukovanju Slo\u017eenim Komadima Na\u0161 tim ima dugogodi\u0161nje iskustvo u demonta\u017ei i transportu kompliciranog namje\u0161taja. Zbog svoje slo\u017eenosti, ovi komadi zahtijevaju posebnu pa\u017enju, a mi znamo kako ih pravilno obraditi. Prilagodljive Usluge Nudimo prilagodljive usluge prema va\u0161im potrebama. Bilo da se radi o kuhinjskim elementima, ormarima ili drugim slo\u017eenim komadima, osigurat \u0107emo da sve bude pa\u017eljivo demontirano, pakirano i transportirano. Sigurnost i Za\u0161tita Va\u0161a sigurnost je na\u0161 prioritet. Koristimo visokokvalitetne za\u0161titne materijale za pakiranje, a svi na\u0161i voza\u010di obu\u010deni su za rukovanje osjetljivim teretom kako bi se smanjio rizik od o\u0161te\u0107enja. Kako Funkcionira Na\u0161a Usluga? Besplatna Procjena Prvi korak je besplatna procjena. Na\u0161i stru\u010dnjaci do\u0107i \u0107e na va\u0161u lokaciju kako bi procijenili vrstu namje\u0161taja i pripremili plan selidbe. Planiranje i Organizacija Nakon procjene, organizirat \u0107emo datum i vrijeme selidbe prema va\u0161im potrebama. Sve potrebne alate i materijale osiguravamo mi. Demonta\u017ea i Transport Na dan selidbe, na\u0161 tim pa\u017eljivo \u0107e demontirati va\u0161 namje\u0161taj, pakirati ga i transportirati na novu lokaciju, osiguravaju\u0107i da sve bude za\u0161ti\u0107eno tijekom putovanja. Ponovna Monta\u017ea Na odredi\u0161tu, na\u0161 tim \u0107e ponovno sastaviti va\u0161 namje\u0161taj, osiguravaju\u0107i da sve bude ispravno postavljeno prema va\u0161im \u017eeljama. elidba kompliciranog namje\u0161taja s na\u0161om uslugom pru\u017ea vam mir i sigurnost. 095 388 5892<\/p>\n","protected":false},"author":1,"featured_media":0,"parent":0,"menu_order":0,"comment_status":"closed","ping_status":"closed","template":"","meta":{"om_disable_all_campaigns":false,"_monsterinsights_skip_tracking":false,"_monsterinsights_sitenote_active":false,"_monsterinsights_sitenote_note":"","_monsterinsights_sitenote_category":0,"footnotes":""},"class_list":["post-1432","page","type-page","status-publish","hentry"],"aioseo_notices":[],"_links":{"self":[{"href":"https:\/\/tovar-prijevoz-selidbe.hr\/index.php\/wp-json\/wp\/v2\/pages\/1432","targetHints":{"allow":["GET"]}}],"collection":[{"href":"https:\/\/tovar-prijevoz-selidbe.hr\/index.php\/wp-json\/wp\/v2\/pages"}],"about":[{"href":"https:\/\/tovar-prijevoz-selidbe.hr\/index.php\/wp-json\/wp\/v2\/types\/page"}],"author":[{"embeddable":true,"href":"https:\/\/tovar-prijevoz-selidbe.hr\/index.php\/wp-json\/wp\/v2\/users\/1"}],"replies":[{"embeddable":true,"href":"https:\/\/tovar-prijevoz-selidbe.hr\/index.php\/wp-json\/wp\/v2\/comments?post=1432"}],"version-history":[{"count":7,"href":"https:\/\/tovar-prijevoz-selidbe.hr\/index.php\/wp-json\/wp\/v2\/pages\/1432\/revisions"}],"predecessor-version":[{"id":1466,"href":"https:\/\/tovar-prijevoz-selidbe.hr\/index.php\/wp-json\/wp\/v2\/pages\/1432\/revisions\/1466"}],"wp:attachment":[{"href":"https:\/\/tovar-prijevoz-selidbe.hr\/index.php\/wp-json\/wp\/v2\/media?parent=1432"}],"curies":[{"name":"wp","href":"https:\/\/api.w.org\/{rel}","templated":true}]}}